{"id":200,"date":"2025-03-27T15:10:58","date_gmt":"2025-03-27T15:10:58","guid":{"rendered":"https:\/\/www.elternteams-wettingen.ch\/?page_id=200"},"modified":"2025-03-27T15:10:59","modified_gmt":"2025-03-27T15:10:59","slug":"ueber-uns","status":"publish","type":"page","link":"https:\/\/www.elternteams-wettingen.ch\/index.php\/ueber-uns\/","title":{"rendered":"\u00dcber uns"},"content":{"rendered":"\n<p><strong>Elternteams Wettingen<\/strong> ist eine Initiative von engagierten Eltern, die gemeinsam mit Schulen, Lehrpersonen und Organisationen das Schulumfeld aktiv mitgestalten m\u00f6chten.<\/p>\n\n\n\n<p>Unsere Plattform bietet eine einfache M\u00f6glichkeit, sich f\u00fcr Aktivit\u00e4ten wie das Velofahrtraining anzumelden, sich \u00fcber Termine zu informieren und mitzuhelfen \u2013 ob auf der Strecke, beim Sammelpunkt oder im Hintergrund.<\/p>\n\n\n\n<p>Wir glauben: <strong>Zusammen geht mehr.<\/strong><br>Deshalb f\u00f6rdern wir eine starke Zusammenarbeit zwischen Eltern, Schule und Kindern \u2013 f\u00fcr sichere, erlebnisreiche und gut organisierte Aktionen.<\/p>\n","protected":false},"excerpt":{"rendered":"<p>Elternteams Wettingen ist eine Initiative von engagierten Eltern, die gemeinsam mit Schulen, Lehrpersonen und Organisationen das Schulumfeld aktiv mitgestalten m\u00f6chten. Unsere Plattform bietet eine einfache M\u00f6glichkeit, sich f\u00fcr Aktivit\u00e4ten wie das Velofahrtraining anzumelden, sich \u00fcber Termine zu informieren und mitzuhelfen \u2013 ob auf der Strecke, beim Sammelpunkt oder im Hintergrund. Wir glauben: Zusammen geht mehr.Deshalb<\/p>\n<div class=\"more-link\">\n             <a href=\"https:\/\/www.elternteams-wettingen.ch\/index.php\/ueber-uns\/\" class=\"link-btn\"><span>Weiterlesen <\/span><i class=\"icofont-thin-double-right\"><\/i><\/a>\n        <\/div>\n","protected":false},"author":1,"featured_media":0,"parent":0,"menu_order":0,"comment_status":"closed","ping_status":"closed","template":"","meta":{"footnotes":""},"class_list":["post-200","page","type-page","status-publish","hentry"],"jetpack_sharing_enabled":true,"_links":{"self":[{"href":"https:\/\/www.elternteams-wettingen.ch\/index.php\/wp-json\/wp\/v2\/pages\/200","targetHints":{"allow":["GET"]}}],"collection":[{"href":"https:\/\/www.elternteams-wettingen.ch\/index.php\/wp-json\/wp\/v2\/pages"}],"about":[{"href":"https:\/\/www.elternteams-wettingen.ch\/index.php\/wp-json\/wp\/v2\/types\/page"}],"author":[{"embeddable":true,"href":"https:\/\/www.elternteams-wettingen.ch\/index.php\/wp-json\/wp\/v2\/users\/1"}],"replies":[{"embeddable":true,"href":"https:\/\/www.elternteams-wettingen.ch\/index.php\/wp-json\/wp\/v2\/comments?post=200"}],"version-history":[{"count":1,"href":"https:\/\/www.elternteams-wettingen.ch\/index.php\/wp-json\/wp\/v2\/pages\/200\/revisions"}],"predecessor-version":[{"id":202,"href":"https:\/\/www.elternteams-wettingen.ch\/index.php\/wp-json\/wp\/v2\/pages\/200\/revisions\/202"}],"wp:attachment":[{"href":"https:\/\/www.elternteams-wettingen.ch\/index.php\/wp-json\/wp\/v2\/media?parent=200"}],"curies":[{"name":"wp","href":"https:\/\/api.w.org\/{rel}","templated":true}]}}